.
11
Suppose -2*x + 3*x = -2*i + 675, 3*x - 2003 = 5*i. What is the highest common factor of 61 and x?
61
Let c(w) = w**3 + 14*w**2 - 19*w - 8. Let s be c(-15). What is the highest common divisor of 13 and s?
13
Let d = 957 - 572. Suppose -5*y + 4*f + d = -236, y - 121 = 4*f. What is the greatest common factor of 25 and y?
25
Let o be 1 - -5 - 3 - -27. Calculate the highest common factor of o and 45.
15
Suppose -3*t = -0*g + g - 17, -3*t + 19 = 2*g. Suppose g*u = w - 5, 0*u - 36 = -3*w - u. Calculate the greatest common factor of 77 and w.
11
Let o(l) = 3*l**2 - l + 4. Let s be o(3). Suppose -c + 0*c = -42. Suppose 5*k - c = 4*k. What is the highest common divisor of s and k?
14
Let x = 33 - 55. Let t be x/77 + 32/14. Calculate the greatest common factor of t and 5.
1
Suppose x + 4*b - 17 = 4, -2*b - 83 = -5*x. What is the highest common factor of x and 17?
17
Suppose -3*j + 22 + 11 = 0. Calculate the greatest common divisor of j and 99.
11
Suppose 0*n - 3*n = -60. What is the highest common divisor of n and 2?
2
Let j(k) = k**3 + k**2 - k + 5. Let b be j(0). What is the highest common divisor of b and 40?
5
Suppose -23*d = -19*d - 48. What is the highest common factor of 8 and d?
4
Suppose 0 = 2*u - 5*y + 14, 0*y + 55 = -3*u - y. Let m = u + 38. What is the highest common divisor of m and 3?
3
Suppose -4*i + 3*w = -7 - 8, -5*w - 25 = -5*i. Suppose 0*s - 2*s + 18 = i. Calculate the highest common divisor of 27 and s.
9
Let a be (-11)/(-2)*(22 - 0). Let y be (5/10 - 0)*22. Calculate the greatest common factor of y and a.
11
Suppose 3*d + 2*d - 4*v + 29 = 0, v + 13 = -d. Let i = d + 19. Calculate the highest common factor of i and 10.
10
Let p = -8 + 13. Let c = 9 - 5. Let q be (11/c)/(3/60). Calculate the highest common factor of p and q.
5
Let j(v) = v**3 + 0*v**2 + v**2 + 2*v + 1 - 8*v**3 - 3*v**3. Let s be j(-1). What is the highest common divisor of s and 10?
10
Suppose 29*u - 25*u - 12 = 0. What is the greatest common divisor of u and 27?
3
Suppose 1 = 3*p + t, 4*p = 7*p + 5*t + 19. Suppose u - p = d - 12, -4*u = 2*d - 20. What is the highest common divisor of d and 10?
10
Let g = -50 - 37. Let k = g - -152. What is the highest common divisor of k and 13?
13
Suppose 0*p - 5*p = 0. Suppose -2*w + 24 + 6 = p. Let f be (w/1)/((-2)/(-18)). What is the greatest common factor of 15 and f?
15
Let a = 41 - 29. What is the greatest common factor of 132 and a?
12
Let c = -2 + 24. Suppose -5*r - 5*j + 35 = 0, -4*j + 3*j = -5*r + 5. What is the highest common divisor of c and r?
2
Let l be (-1 + -4 + 2)*-9. What is the greatest common divisor of 9 and l?
9
Suppose -10*w = -5*w - 90. What is the highest common divisor of 6 and w?
6
Let l be 1 - 0/3 - -11. Let y(j) = j - 6*j + 3*j - l. Let r be y(-9). Calculate the greatest common factor of r and 18.
6
Suppose 0 = -5*u - 20, 0*q - 3 = 3*q + 3*u. Let y = 11 - q. Calculate the greatest common divisor of y and 72.
8
Let n be (6/(-15))/((-4)/15)*2. What is the highest common factor of n and 27?
3
Let j be (9/(-12))/(1/(-24)). Suppose 4*h - 20 = -4*a, a - h + 2 - 1 = 0. Suppose p - 108 = -a*p. Calculate the greatest common divisor of p and j.
18
Suppose -2*u + 105 - 27 = 0. Let v = -27 + u. What is the greatest common divisor of 36 and v?
12
Let g be 122 - 5/((-10)/6). What is the highest common factor of g and 50?
25
Suppose -2*h = -4*a - 56, -41 = -4*h + 2*h - a. Calculate the greatest common divisor of h and 176.
22
Let m = 100 - 56. Calculate the highest common factor of 4 and m.
4
Let f be (-4)/(-2 + 8/6). Suppose -f*v = -v - 275. Calculate the greatest common factor of v and 5.
5
Suppose 0 = -3*p + 2 + 1. Calculate the highest common factor of p and 9.
1
Suppose 2*q - 4*q = 2. Let w(c) = -8*c. Let u be w(q). What is the highest common factor of 56 and u?
8
Suppose 3*h - l - 40 = 0, 3*h + 4*l - 32 = -h. Calculate the highest common factor of h and 28.
4
Suppose 15 = t + 2*t. Let k(z) = -z**2 + 7*z. Let x be k(t). Suppose n - 4*m = -3*m + 10, -4*n = 5*m - 40. Calculate the highest common factor of x and n.
10
Suppose t - 5*q + 10 = -1, 0 = -3*t - 2*q - 33. Let n = -1 - 4. Let c be (t + n)*(-2)/4. What is the highest common factor of c and 20?
4
Let y = -47 - -50. Let u be 6/4*(-2)/(-3). Calculate the greatest common factor of u and y.
1
Let l = -73 - -113. What is the greatest common divisor of l and 50?
10
Let x be 2/7 - 474/(-7). Let s = 20 + 18. Let v = x - s. What is the greatest common factor of v and 20?
10
Suppose -2*g - 2*n + 368 = 0, -716 = -4*g + 3*n - 2*n. Suppose h - g = -2*z, h - 233 = 2*z - 53. Calculate the greatest common divisor of h and 20.
20
Suppose -2*r + 49 = 3*i, i - r - 1 = 7. Let q = i - -42. Let f be 400/18 + (-14)/63. Calculate the highest common factor of f and q.
11
Let f be 36/(6*2/8). Suppose 5*a - 31 = 4. Let u be -2 + a + 2/(-1). What is the highest common factor of u and f?
3
Let v(a) = -5*a - 32. Let z be v(-10). What is the highest common divisor of z and 126?
18
Let o be 5/((5/31)/5). What is the greatest common factor of 31 and o?
31
Let a = -4 - -6. Let t be (1/a)/((-2)/(-92)). Let f = t + -11. Calculate the greatest common divisor of f and 12.
12
Let j = -109 + 129. Calculate the greatest common factor of j and 4.
4
Suppose 2*v = -3*d + 200, -3*v = -5*d - 7*v + 336. What is the greatest common divisor of 16 and d?
16
Let x = -8 + 15. Suppose n - 4*a = 91, 4*a - x*a = -n + 91. Let d(s) = -2*s + 3. Let q be d(-5). What is the greatest common divisor of n and q?
13
Let a = 26 - -103. Calculate the highest common factor of a and 86.
43
Let x(q) = -6*q - 28. Let d be x(-12). Calculate the highest common factor of d and 110.
22
Let a be 1 - -1*(-2 + 3). Let w(t) = 3*t**2 + t + 2. Let v be w(a). Calculate the highest common divisor of 112 and v.
16
Suppose -4*u - 60 = -8*u. What is the highest common factor of 10 and u?
5
Suppose 2*y - 5 = -1. Suppose -5*t + 84 = 2*o + y*o, o + 4 = 0. Suppose -3*a + 8*a - t = 0. What is the highest common factor of 44 and a?
4
Let k be 8*-1 + 3 + -1. Let q = 10 + k. Calculate the highest common factor of q and 44.
4
Let n(g) = g**3 + 3*g**2 - 6*g - 6. Let d be n(-4). Suppose -14 = -2*h - 5*y, 2*y - 2 = 3*y. Calculate the greatest common divisor of h and d.
2
Suppose -p + c + 19 = 0, -c = -4*p + 19 + 60. What is the highest common factor of p and 220?
20
Suppose 0*j + 78 = 3*j. What is the highest common factor of j and 65?
13
Let c = -6 + 10. Let u = c + -5. Let x be (-4)/2 - u - -4. What is the greatest common factor of x and 3?
3
Suppose 4*l - 29 + 13 = 0. Calculate the highest common factor of 20 and l.
4
Suppose 6*z = 4*z + 216. What is the greatest common factor of z and 12?
12
Let d(u) = -11*u - 1 + 2*u - u - 4*u**2 + 3*u**2. Let r be d(-7). Calculate the greatest common factor of r and 10.
10
Suppose 2*r + 0*r - 2 = 0. Let h be (-1*r)/(1 - 2). Calculate the greatest common factor of 9 and h.
1
Suppose -2*m = -12 - 2. Let i be (-1)/((-2)/(-308)*-2). What is the highest common factor of i and m?
7
Suppose 5*t - 7 = -2. Let s be 1/((-2)/(-32))*t. Let i = -5 + s. Calculate the greatest common divisor of i and 33.
11
Let c(s) = -s**3 + 14*s**2 - 10*s - 6. Let v be c(13). Calculate the highest common factor of v and 33.
33
Let b = -61 - -97. Calculate the highest common divisor of 9 and b.
9
Let c(z) = z + 4. Let l be c(-3). Let p be l/(-4) + 21/(-12). Let b be (p/2)/(3/(-54)). What is the greatest common factor of 6 and b?
6
Let c(j) = -3*j**2 - 16*j + 10. Let m(r) = -2*r**2 - 8*r + 5. Let z(f) = 2*c(f) - 5*m(f). Let o be z(-4). What is the highest common factor of 54 and o?
27
Let s(t) = -152*t - 9. Let b be s(-1). Calculate the highest common divisor of 11 and b.
11
Let x(d) be the first derivative of -3*d**2 + 2*d - 3. Let l be x(2). Let h = 1 - l. Calculate the highest common factor of 121 and h.
11
Let t be (-5 - -1)/4*(-39 + 0). Calculate the highest common divisor of 273 and t.
39
Suppose -55 - 5 = -4*q. Calculate the highest common factor of 120 and q.
15
Suppose 0 = -5*h - n + 61, -n + 20 = 2*h - 5*n. Let j(i) = 12*i**2. Let k be j(-1). What is the greatest common factor of h and k?
12
Let w(x) = -2 + 4 - 3 - 4*x - 5*x. Let f be w(-2). Calculate the greatest common divisor of 187 and f.
17
Suppose 8*i = 4*y + 9*i - 120, -4